8).
-40
Let u(b) = -31*b - 555. Determine u(-18).
3
Let o(m) = -m**3 - 6*m**2 - 24*m - 64. What is o(-4)?
0
Let f(g) = g**2 + 15*g - 11. What is f(0)?
-11
Let u(o) = o + 3. What is u(10)?
13
Let b(i) = 4*i**2 - 47*i + 27. What is b(11)?
-6
Let w(v) = -2*v**3 - v**2 + 2*v + 3. Calculate w(-2).
11
Let f(c) = -23*c**2 - 1. Calculate f(1).
-24
Let h(t) = -26*t + 234. Calculate h(9).
0
Let y(o) = -o**2 + 3*o - 3. Determine y(2).
-1
Let z(j) = 3*j + 20. Calculate z(-6).
2
Let n(t) = t**2 - 9*t - 3. What is n(9)?
-3
Let r(w) = -w**3 + 6*w**2 + 8*w + 17. Determine r(8).
-47
Let r(j) = -3*j**2 - 34*j - 9. Calculate r(-11).
2
Let b(o) = 2*o**3 - 11*o**2 + 5*o + 6. Determine b(5).
6
Let x(m) = m**2 + 36*m + 253. Calculate x(-27).
10
Let x(d) = -7*d + 4. Determine x(-8).
60
Let k(j) = -3*j + 47. Give k(24).
-25
Let k(b) = b**2 - 2*b - 6. What is k(-4)?
18
Let l(u) = -3*u**2 - 5*u + 2. What is l(-2)?
0
Let k(w) = -16*w**2 - w + 1. What is k(1)?
-16
Let y(c) = -2*c**2 + 7*c + 1. What is y(3)?
4
Let g(h) = -2*h**2 - 29*h + 14. Calculate g(-15).
-1
Let p(f) = -99*f + 200. Calculate p(2).
2
Let m(u) = u**2 + 5*u - 7. Calculate m(-6).
-1
Let q(p) = p**3 + 34*p**2 - 73*p - 5. Determine q(-36).
31
Let x(a) = 3*a**3 + 31*a**2 + 33*a - 28. Determine x(-9).
-1
Let y(p) = p**3 - 16*p + 7. What is y(-4)?
7
Let y(w) = 46*w. Determine y(1).
46
Let m(z) = 57*z**2 - 1. Give m(1).
56
Let h(a) = a**3 - 5*a**2 - a + 8. Calculate h(2).
-6
Let y(p) = p**3 - 7*p**2 - 9*p - 3. Determine y(8).
-11
Let b(n) = -n**3 - 11*n**2 - n - 14. What is b(-11)?
-3
Let i(y) = 2*y**2 + 10*y + 2. Determine i(-5).
2
Let y(a) = -52*a - 669. Determine y(-13).
7
Let w(g) = -g**2 - 8*g + 5. Give w(-12).
-43
Let n(d) = d**2 - 3*d + 2. Determine n(5).
12
Let g(b) = 99*b - 92. Calculate g(1).
7
Let g(u) = -u**3 + 41*u**2 + 91*u - 223. Calculate g(43).
-8
Let w(f) = 73*f - 664. Determine w(9).
-7
Let o(m) = 8*m + 18. Determine o(-7).
-38
Let z(a) = a**3 + 21*a**2 - 71*a + 31. Calculate z(-24).
7
Let x(n) = -3*n - 3. Give x(0).
-3
Let y(h) = -3*h**2 + 8*h - 23. Determine y(5).
-58
Let q(g) = -3*g - 24. Give q(-11).
9
Let u(y) = y**3 + 5*y**2 - 8*y - 6. What is u(-6)?
6
Let a(k) = -k**3 - 32*k**2 + 34*k + 34. Calculate a(-33).
1
Let g(w) = -2*w + 1. Determine g(-6).
13
Let g(z) = -4*z - 1. Calculate g(1).
-5
Let o(a) = -a**2 + 8*a + 19. Give o(10).
-1
Let r(i) = 13*i**2 + 33*i + 2. Calculate r(-2).
-12
Let y(t) = -5*t - 11. What is y(1)?
-16
Let t(a) = a**2 + 28*a - 58. Give t(-30).
2
Let u(b) = -4*b + 13. Calculate u(4).
-3
Let q(x) = -x**3 - 18*x**2 - 26*x - 55. What is q(-17)?
98
Let j(h) = -12*h - 3. Calculate j(-3).
33
Let w(q) = 2*q**3 - 11*q**2 + 6*q + 6. What is w(5)?
11
Let y(b) = b - 21. Give y(31).
10
Let i(f) = f**2 - 19*f - 53. Give i(21).
-11
Let h(o) = 3*o - 165. Calculate h(54).
-3
Let a(g) = -g + 3. Determine a(-5).
8
Let s(d) = d**2 - 4*d + 1. Calculate s(4).
1
Let p(s) = -s**3 - 11*s**2 - 22*s - 36. Determine p(-9).
0
Let p(b) = b**2 - 12*b + 36. Calculate p(8).
4
Let g(h) = h**3 - 7*h**2 - 8*h - 1. Give g(8).
-1
Let d(u) = -6*u + 12. Determine d(10).
-48
Let b(i) = i**3 + 10*i**2 - i + 2. Determine b(-10).
12
Let i(b) = 16*b - 74. Determine i(5).
6
Let p(h) = -19*h - 49. Calculate p(-2).
-11
Let r(j) = j**3 + 4*j**2 - 15*j - 40. Give r(-2).
-2
Let x(s) = -s**3 - 9*s**2 + 8. What is x(-9)?
8
Let r(p) = 4*p**2 - 60*p. What is r(15)?
0
Let t(g) = 4*g**3 + 70*g**2 - 36*g - 34. Determine t(-18).
-34
Let u(h) = -h**3 + 57*h**2 - 65*h + 511. What is u(56)?
7
Let o(r) = 23*r - 19. Determine o(6).
119
Let r(i) = -i**2 - 2*i + 217. Calculate r(-16).
-7
Let x(h) = h + 17. What is x(-9)?
8
Let i(t) = t**2 - 12*t + 2. Give i(12).
2
Let l(a) = a**2 + 8*a - 14. Calculate l(-9).
-5
Let a(f) = -f**2 - 10*f - 4. What is a(-11)?
-15
Let s(i) = 2*i**2 + 9*i + 8. Determine s(-4).
4
Let r(j) = -5*j**2 + 1. Determine r(-2).
-19
Let s(n) = 8*n - 18. Give s(6).
30
Let b(p) = 2*p**3 + 15*p**2 - 7*p - 11. Determine b(-8).
-19
Let h(b) = -10*b + 11. Give h(3).
-19
Let y(d) = -2*d**2 + 31*d + 114. Determine y(19).
-19
Let p(m) = -11*m**2 - m + 2. Determine p(1).
-10
Let p(i) = i**3 + 11*i**2 + 8*i - 20. Calculate p(-10).
0
Let b(l) = 6*l + 2. Determine b(-8).
-46
Let x(d) = 2*d**3 + 34*d**2 + 85*d + 25. Determine x(-14).
11
Let x(f) = -f**2 - 4*f - 3. Calculate x(-5).
-8
Let q(y) = -y - 31. Determine q(-14).
-17
Let x(r) = -2*r**2 - r - 2. Give x(-1).
-3
Let v(t) = -t**2 + 15*t + 5. Determine v(14).
19
Let m(i) = i**2 + 11*i - 10. Calculate m(-11).
-10
Let r(d) = -5*d + 46. Give r(10).
-4
Let s(a) = a**3 - 6*a**2 + 4*a - 8. Calculate s(6).
16
Let n(b) = b**2 + 5*b - 1. What is n(-4)?
-5
Let r(u) = -24*u - 764. Determine r(-32).
4
Let q(k) = -k**3 + 7*k**2 - 5*k - 8. Give q(6).
-2
Let n(u) = -u**2 - 44*u + 78. Give n(-45).
33
Let r(h) = h**3 + 2*h**2 - 3*h + 4. What is r(3)?
40
Let o(d) = d**3 - 10*d**2 - 11*d - 3. What is o(11)?
-3
Let p(m) = m - 5. What is p(7)?
2
Let b(f) = -f**3 - f**2 + f - 19. Calculate b(0).
-19
Let b(t) = 5*t - 1. Give b(-1).
-6
Let z(g) = g**3 + 3*g**2 - 4*g - 7. Calculate z(-3).
5
Let c(w) = 2*w. What is c(-7)?
-14
Let s(z) = z - 16. Calculate s(5).
-11
Let f(n) = -n**3 + 18*n**2 - 18*n + 25. Calculate f(17).
8
Let b(j) = 5*j + 11. What is b(-8)?
-29
Let r(f) = -f**2 + 7. Calculate r(3).
-2
Let u(q) = 9*q + 7. Calculate u(5).
52
Let y(b) = 3*b - 4. Give y(7).
17
Let w(f) = 11*f**3 - f**2 - f - 1. What is w(-1)?
-12
Let n(p) = 6*p + 73. Calculate n(-12).
1
Let x(o) = 2*o**3 - 5*o**2 - o - 14. What is x(4)?
30
Let m(u) = u + 1. Give m(1).
2
Let p(r) = 3*r**3 - 2*r**2 - 5*r - 6. Give p(-1).
-6
Let s(z) = -z**3 + 3*z**2 + 2*z + 7. Give s(4).
-1
Let f(z) = 95*z + 660. Calculate f(-7).
-5
Let u(k) = -41*k + 246. Give u(6).
0
Let u(o) = 5*o**2 + 6*o - 11. Calculate u(2).
21
Let y(m) = -m**2 - 6*m. What is y(-5)?
5
Let h(z) = z**2 + 14*z + 34. What is h(-6)?
-14
Let m(n) = 2*n - 1. Determine m(-2).
-5
Let j(b) = -9*b - 73. Give j(-8).
-1
Let v(c) = -3*c**2 - 3*c - 77. Give v(0).
-77
Let s(o) = 3*o**2. Calculate s(-2).
12
Let k(p) = 5*p + 50. Determine k(-9).
5
Let c(u) = -3*u**2 - u + 3. What is c(3)?
-27
Let t(k) = k**3 - 7*k - 2. Calculate t(-3).
-8
Let u(s) = -47*s - 15. Give u(-2).
79
Let r(o) = 6*o - 5. Determine r(0).
-5
Let z(i) = 2*i - 31. Calculate z(11).
-9
Let x(v) = -10*v - 65. What is x(-6)?
-5
Let s(u) = 4*u + 1. Calculate s(-2).
-7
Let y(m) = -4*m - 9. Determine y(-7).
19
Let f(a) = a**3 + 9*a**2 + 10*a - 1. Calculate f(-7).
27
Let i(w) = 10*w - 60. Give i(6).
0
Let a(v) = -v**3 - 5*v**2 - 5*v - 4. Give a(-4).
0
Let t(v) = v**2 + 10*v + 15. What is t(-5)?
-10
Let z(y) = -10*y + 92. Determine z(9).
2
Let y(b) = b**2 + 28*b + 80. What is y(-25)?
5
Let i(y) = -y**3 + 13*y**2 - 27*y + 3. Calculate i(10).
33
Let p(k) = k**2 - 6*k - 10. Give p(7).
-3
Let l(f) = 9*f - 6. What is l(5)?
39
Let o(i) = i**2 + 13*i + 36. Calculate o(-6).
-6
Let t(l) = 8*l + 145. Calculate t(-17).
9
Let w(i) = i**3 + 7*i**2 - 11*i - 4. Calculate w(-8).
20
Let a(d) = d**3 + 16*d**2 + 2*d + 15. Determine a(-16).
-17
Let k(b) = -b**3 - b**2 + 23*b - 8. Give k(4).
4
Let u(a) = 8*a - 5. Give u(-7).
-61
Let p(c) = -c**2 - 10*c - 13. Give p(-7).
8
Let x(t) = -3*t + 28. What is x(8)?
4
Let k(t) = 4*t**2 + 40*t - 5. What is k(-10)?
-5
Let z(d) = 2*d + 8. What is z(-7)?
-6
Let q(d) = d**3 + 5*d**2 - 6*d + 14. Give q(-7).
-42
Let u(p) = -p**3 + 3*p**2 + 9*p + 11. What is u(5)?
6
Let o(r) = -3*r - 8. Calculate o(-8).
16
Let g(t) = 14*t**2 - t. Calculate g(1).
13
Let h(u) = -u**3 + 27*u**2 + 26*u + 24. What is h(28)?
-32
Let i(h) = h**3 - 3*h**2 - 2*h + 5. Give i(0).
5
Let w(r) = r**3 - 27*r**2 - 26*r - 54. Determine w(28).
2
Let j(t) = -8*t**2 + 4*t - 3. What is j(2)?
-27
Let k(g) = 3*g**2 + 27*g - 25. Calculate k(-10).
5
Let f(q) = -q**3 + q**2 + 11*q - 6. Calculate f(5).
-51
Let p(u) = -6*u - 1. What is p(8)?
-49
Let h(r) = 3*r**3 - 9*r**2 + 7*r + 5. Calculate h(2).
7
Let k(c) = -2*c - 7. Give k(-10).
13
Let h(i) = i**3 + 21*i**2 + 20*i + 4. Give h(-20).
4
Let r(d) = 2*d + 11. Give r(7).
25
Let m(f) = f**2 - 9*f - 14. What is m(11)?
8
Let j(t) = -t**3 - 12*t**2 - 35*t - 1. What is j(-5)?
-1
Let a(m) = -4*m - 5. Give a(-5).
15
Let s(d) = -16*d + 20. Calculate s(1).
4
Let g(h) = h**3 + 2*h**2 - 3*h + 16. Determine g(-